2 + 14*u + 1061. Give q(-11).
3
Let d(x) = -x**3 - 6*x**2 + 6*x - 3. Let c be d(-7). Suppose -2*q = -0*q - c. Let u(t) = 0*t - 5*t**q - 4*t + 3 + 4*t**2. Determine u(-5).
-2
Let w(f) = -5*f. Suppose 3*j = j + 2. Suppose 0 = h + j. Let q be w(h). Let r(a) = -a**3 + 6*a**2 - 4*a - 6. Determine r(q).
-1
Suppose -6*b + 54 = -5*b. Let y = b + -48. Let a(l) = -l**2 + 5*l + 6. What is a(y)?
0
Let r(o) = 7*o**2 + 2*o - 2. Let l = 86 + -57. Let u = l - 31. Give r(u).
22
Let c be (-6)/(-2)*(-6)/9. Let w be c*(-4)/(8/39). Suppose 4*d = 11 - w. Let l(q) = -q - 2. Give l(d).
5
Suppose q - 3*v = 62, 210 = 3*q - 0*v - v. Let a = q - 75. Let k(c) = c**2 + 3*c - 3. Calculate k(a).
1
Let x(q) = q**2 - 3*q - 2. Let c be (1 - 20/8)/(3/(-4)). Suppose 0*m - c*w = 3*m - 7, m = -3*w. Calculate x(m).
-2
Let s be ((-40)/(-12))/((-12)/(-18)). Let r(v) = 3*v**2 - s*v + 6*v**3 + 3 - 5*v**3 - 6*v**2. Determine r(3).
-12
Let g = 52 + -48. Let c(z) = -4 - 2 + g + z + 5. Give c(-5).
-2
Suppose -8 = -19*x + 17*x + 2*l, -3*x - 2*l = -12. Let u(i) = -i + 8. What is u(x)?
4
Suppose 0 = -5*j - 45*j + 150. Let u(k) = k - 7. What is u(j)?
-4
Let r be 2 + (-2 - -4 - 19). Let a be 10/r + 38/(-6). Let h(f) = 16*f**2 - 21*f**2 - 121*f**3 + 122*f**3 - 7 + 12*f**2. Give h(a).
-7
Let p be -4 - (-1 - (-1 + -1)). Let k(r) be the second derivative of r**3/2 + r**2/2 - 6*r - 28. Calculate k(p).
-14
Let x(m) = 8*m + 1. Suppose 2*o = -0 + 8. Suppose 2*t + 5*v = 2*v - 5, 4*t + o*v = 0. Suppose 3*w + 1 = 4*a + 12, w = t*a + 11. What is x(w)?
9
Let p(z) = -z**3 + 4*z**2 - 2*z - 1. Let n(s) = -2*s**3 + 8*s**2 - 4*s - 3. Let r(f) = -3*n(f) + 5*p(f). Let v(i) = -3*i - 6. Let u be v(-3). Determine r(u).
1
Let o(u) = 32*u - 351. Let y be o(11). Let a(r) = -r**2 + 3*r. What is a(y)?
2
Let k = 7 - -47. Let s(d) = k*d**2 - 112*d**2 + 50*d**2. Suppose 2*j + 0*b - 5*b = 17, -b = -2*j + 5. Calculate s(j).
-8
Let h(g) = -g**2 + 9 - 24 + 6*g + 17. Determine h(6).
2
Let j be -3*(4/6 + -1). Suppose 0*d - 3*d - 2*m = 1, -d - m = j. Let f(t) = 0 + d + 4*t - 8 + 5. Determine f(2).
6
Suppose 7*c + 107 = 93. Let j(f) = 5*f**2 - 1. Calculate j(c).
19
Let c(w) = -2*w**2 + 6*w - 5. Let m(l) = -2*l**2 + 5*l - 4. Let b(p) = -4*c(p) + 5*m(p). Let h = 6 - 4. What is b(h)?
-6
Suppose 0 = -5*p - 19 + 14. Let r(q) = 8*q**2 - q - 2. Determine r(p).
7
Let j(c) = -3*c - 24. Let d(t) = -t**2 - 17*t - 82. Let k be d(-8). What is j(k)?
6
Suppose -5*f + 9 = 4. Let t(x) = -1 + f + 0*x + x. What is t(7)?
7
Let y(w) = -7*w - 46. Suppose -48*j - 294 = j. Give y(j).
-4
Let k(h) be the second derivative of 11*h + 1/20*h**5 + 0 + 0*h**3 - 3*h**2 + 0*h**4. Give k(0).
-6
Let n(s) be the second derivative of s**4/8 - 5*s**3/6 + 4*s**2 - 11*s. Let d(v) be the first derivative of n(v). What is d(4)?
7
Let q(j) = j**3 + 5*j**2 - j - 5. Let l be q(-5). Suppose l = y + 4*y + 15, y + 3 = -5*h. Let k(i) = -i + h - 4 - 5. Give k(-7).
-2
Let y(p) = p**3 + 3*p**2 - 4*p - 5. Let r be (-202)/(-18) + -1 + 42/(-189). Suppose -4*i - 22 = -3*j - 0*j, -r = -5*j. What is y(i)?
-5
Let k(l) = -l**3 - 9*l**2 + 4*l + 47. Let f be k(-9). Let g(x) = -x**2 + 12*x - 21. Calculate g(f).
-10
Let k(i) = -i**3 + i**2 + i + 3. Let j be (-12)/66 + (-48)/(-22). Suppose -j*f = 2*f. Determine k(f).
3
Let d be ((-6)/(-4))/(6/(-8)). Let y(r) = 3*r + 2. Let q(o) = -10*o - 6. Let u(h) = d*q(h) - 7*y(h). Let n(b) = -4*b + 51. Let c be n(12). Give u(c).
-5
Let v(u) be the first derivative of -1/4*u**4 + u**3 + 5 + 0*u + 2*u**2. Calculate v(4).
0
Let t(d) = d - 1. Let j(y) = 3*y + 10. Let s(l) = j(l) - 4*t(l). Let f be s(9). Let v(o) = -o**2 + 6*o - 2. Determine v(f).
3
Suppose -117 = -9*t - 108. Let g(y) = -1 + 6*y + 2 - 4*y. Give g(t).
3
Let s(z) = -z**3 - 5*z**2 + 6*z - 2. Let m = 18 + -13. Suppose m*d = d - 5*q - 9, -3*d = 2*q + 12. Calculate s(d).
-2
Let n = 15 + -9. Let x(p) = -p**2 + 6*p - 8. Let b be x(2). Let l(a) = -2*a + b*a - 2*a + 5*a. Determine l(n).
6
Let j(z) = -z**2 - z**3 - 5*z**2 + 9 - 1966*z - 2 + 1977*z. Let h be (-2)/7 + (-141)/21. Give j(h).
-21
Let c(h) = h**3 + 3*h**2 - 3*h - 10. Let q be c(-2). Let v(y) = -y - 30. Calculate v(q).
-30
Let z(w) = w - 1. Let t be (-2 + 1)/(3/51). Let x = -11 - t. Let u = -1 + x. Give z(u).
4
Suppose 3*r = -11 + 20. Suppose 4*s + r*s + 21 = 0. Let m(f) = -3*f - 3. Calculate m(s).
6
Let v be 18/(-3) + 1 - -3. Let t = v + 6. Suppose -t*i + 6 = 14. Let m(x) = 2*x**2 + 2. Give m(i).
10
Suppose -2*b - 3*b = 5*t - 45, 3*t = -b + 15. Let a be (0 - 3) + b + 18/6. Let f(c) = c**3 - 6*c**2 + c - 1. What is f(a)?
5
Let x be 4/((-4)/(-5)) - 105/(-35). Let g(y) = 4*y + 11. Give g(x).
43
Let k(t) be the second derivative of -t**3/6 + 37*t**2/2 - 359*t. What is k(0)?
37
Let d(c) = -c**3 + 9*c**2 - 6*c - 8. Let r(i) = -9*i - 55. Let a be r(-7). Calculate d(a).
8
Let l(b) be the third derivative of -b**6/120 - b**5/10 - b**4/6 - b**3/3 + 13*b**2. Let g(d) = d**2 + 7*d - 2. Let x be g(-7). Determine l(x).
-10
Let m = -1943 + 1949. Let v(h) = 2*h - 11. Give v(m).
1
Suppose 25*r - 16 = 27*r. Let h(x) = 3*x + 11. Determine h(r).
-13
Let v(o) = o**2 + 4*o - 18. Let r(j) = j**2 - 133*j + 632. Let z be r(5). Give v(z).
14
Let u be (2/(-4) - (-3)/(-2)) + 29. Let c(w) = 59*w - 31*w - u*w. Determine c(3).
3
Let c(p) = -4 - 3*p + 4*p + 11*p. Let g = 237 + -234. What is c(g)?
32
Suppose -3*l - 10 = -25. Suppose 0 = 4*h, -y + l*h = -2*y + 3. Let u(r) = 1 + 0*r + 3 + r - y. Give u(0).
1
Let t(v) = -9*v**3 - 7*v**2 + 5*v + 1. Let w = 24 + -29. Let i(h) = -8*h**3 - 6*h**2 + 4*h + 1. Let m(y) = w*t(y) + 6*i(y). Give m(1).
-4
Let t(s) = -s**2 - 11*s + 14. Let y(d) = -13*d - 64. Let n be y(-4). Determine t(n).
2
Let x(w) = 2*w**3 + 4*w**2 + w + 5. Let b(h) be the first derivative of h**4 + 7*h**3/3 + h**2 + 9*h - 7. Let g(c) = 4*b(c) - 7*x(c). Calculate g(-1).
-2
Let q(t) = -7*t - 1. Let j be q(-4). Let n = 34 - j. Let w(h) = -h**2 + 5*h + 3. What is w(n)?
-11
Suppose 6 = h - 0. Let k(m) = 0*m + 12*m**2 - h*m**2 + 4*m - 5*m**2. Determine k(-4).
0
Let q(j) = 2*j + 1 + j**2 - j + 4. Let t be (-2)/(-6) + 32/48. Let l be ((-4 + 4)/t)/(-1). Calculate q(l).
5
Let n(a) be the third derivative of 0*a + 0 + 18*a**2 + 11/6*a**3 - 1/60*a**5 + 7/24*a**4. Give n(9).
-7
Let b(w) = 9*w**3. Let y(z) = -z**3 - 6*z**2 - 6*z - 10. Let d be y(-4). Let t(l) = -l**2 - 18*l - 1. Let v be t(d). Calculate b(v).
-9
Let a(v) = 9*v**3 + v - 2. Let l be a(1). Let z(q) = -q**3 + 9*q**2 - 10*q + 12. Let h be z(l). Let d(j) = 2*j + 5. What is d(h)?
-3
Suppose 3*v - 2 = -n + 2*v, 5*v + 5 = 0. Let d(g) be the third derivative of 0 - 1/8*g**4 + 0*g - 7*g**2 + 1/6*g**3. Calculate d(n).
-8
Let y(c) be the third derivative of c**9/60480 - c**8/2520 + 7*c**6/720 - 3*c**5/20 + 6*c**2. Let f(q) be the third derivative of y(q). Give f(8).
7
Let w(i) be the first derivative of -3*i**2/2 - 121. Determine w(-3).
9
Let n be -7*(138/42 - 4). Let g(x) = x**3 - 5*x**2 - 2*x + 5. Give g(n).
-5
Let k(u) = u**2 - 2*u - 33. Let p be k(7). Let l(r) = -170 - r + 169 + 2*r**2 + r**3 - 9*r**p. Give l(7).
-8
Let o(a) = a**3 - 6*a**2 - 7*a + 3. Let c(u) = u**2 + u + 7. Let y be c(0). Determine o(y).
3
Let t(i) be the second derivative of i**3/3 - 2*i**2 + 5*i + 9. Give t(3).
2
Let d(z) = 1 - z**2 - z + 6*z**2 - 6. Let c(v) = 4*v**2 - 2*v - 4. Let w = -30 + 24. Let n(x) = w*c(x) + 5*d(x). What is n(-7)?
-1
Let y(i) = -27*i**2 + 10*i**2 + 28*i**2 - i**3 - 12*i + 19. Determine y(10).
-1
Let b = -8 - -13. Let w(h) = 8*h + b - 10*h + h + 4. Give w(7).
2
Let k(x) = x - 6. Let b(f) = 7*f - 32. Let d be b(6). Let c(q) = 5*q**3 - q. Let t be c(1). Let j = d - t. Give k(j).
0
Let q(n) be the first derivative of n**4/2 - n**3 + n**2 - 3*n + 103. Give q(2).
5
Let k(b) = -6*b**2 - 26*b - 34*b + 56*b - b**3 + 3. Suppose 4*c = -5*j - 30, 5*c + 9 = -j - 18. What is k(c)?
-2
Suppose 3*i + 9 = -g + 6*g, 5*i = -4*g + 22. Let d(y) = 2*y + y**i - y + 0*y**2 + 5*y**3. Suppose 370*c - 349*c + 12 = -9. Give d(c).
-5
Let p be -1*(3/(-1) - (3 - 6)). Suppose p = 8*v - 4 + 20. Let w(u) = 0*u**3 - 2 + 2*u**3 - 3*u - 3*u**3 - u**2. Give w(v).
8
Let o(h) = 0*h**3 + 1 + 13*h**2 - 18*h**2 - 7 - 6*h - 1 - h**3. Determine o(-4).
1
Let s(o) = 23*o - 12*o - 7*o + 15. What is s(-5)?
-5
Let x(t) = -t**3 - t**2 - t + 19. Suppose 4*j - 4*d = -5 + 1, 0 = 5*j +